6). Let m = 793 + k. List the prime factors of m.
2, 3, 83
Let r(b) = 4*b**2 + 36*b + 42. Let m be r(-8). Suppose -m*w - 8070 = -16*w. List the prime factors of w.
5, 269
Let i be (-350)/(-49) + (-13)/(364/(-24)). Suppose l = -i + 10, -3*o = 2*l - 991. What are the prime factors of o?
7, 47
Let d = 8 + -5. Suppose 0 = 2*c + 7*q - 2*q + 6, d*q = c + 14. Let y = c - -106. What are the prime factors of y?
2, 7
Let c(w) = -9*w**2 - w - 1. Let u be c(-1). Suppose 792 = 8*r - 4*r + 8*r. Let b = u + r. List the prime factors of b.
3, 19
Let v(w) be the second derivative of w**7/1260 + 3*w**5/40 + 5*w**4/4 - 10*w. Let j(l) be the third derivative of v(l). List the prime factors of j(6).
3
List the prime factors of (-205)/82*(-1 + 6 + -6951).
5, 23, 151
Suppose -5967 = -0*m - 13*m. Suppose 15*p + 2*p - m = 0. What are the prime factors of p?
3
Suppose -3*o + 22 - 4 = 0. Suppose 0*d + o = 3*d. Suppose 4*x - 52 = -4*s, -d*x - 48 = -6*x - 5*s. What are the prime factors of x?
17
Suppose 661 - 234 = -r. Let p = -300 - r. Suppose -3*x - p = -4*x. What are the prime factors of x?
127
Let p be (-18)/(-4)*(-4)/(-3). Suppose 3*u = 2*u + p. Suppose -3*n = u, -2*r - 3*n = r - 24. What are the prime factors of r?
2, 5
Let a(l) = -5*l - 43. Let w be a(-4). Let q(z) = -2*z + 1. What are the prime factors of q(w)?
47
Let t(c) = c**2 + 34*c - 381. Let h be t(-40). Suppose p - 6 = 317. Let n = p + h. List the prime factors of n.
2, 7, 13
Suppose 0 = -0*p - 3*p + 588. Let k = 116 + -89. Let n = p - k. What are the prime factors of n?
13
Let j = 3 + -1. Let d be 6 + (19 + (-172)/8)*16/10. Suppose -j*o - d*o + 647 = 5*k, o - 3*k = 166. List the prime factors of o.
163
Suppose 5*g - 5*b - 30945 = 0, -2*g - 2*g + 24738 = 5*b. List the prime factors of g.
23, 269
Let m be 22/55*4630 + (4 - 0). Suppose 15*j = -j + m. List the prime factors of j.
2, 29
Let l = 14869 + 12809. What are the prime factors of l?
2, 3, 7, 659
Suppose 5*v + 2307 = 4*l, 3*l - 5*v = -0*l + 1729. Suppose -n = -3*c - l, 0 = -2*n + c + 137 + 1009. What are the prime factors of n?
2, 11, 13
Suppose 5*w + 4*t = 53365, -w + 2*t + 10689 = 6*t. What are the prime factors of w?
47, 227
Let a(w) = -4*w**3 + 3*w + 2. Let u be a(-1). Suppose n + 0*n + u = 0. What are the prime factors of (-2256)/(-40) + n/(-5)?
3, 19
Let j be (-18)/(-2)*3/9. Suppose 624 = -j*z + 6*z. Let o = 298 - z. List the prime factors of o.
2, 3, 5
Let q = 3 + -2. Suppose -114*s + 4100 + 13798 = 0. Suppose q = 2*x - s. What are the prime factors of x?
79
Let t = 210 - 446. Let p = t - -507. What are the prime factors of p?
271
Let c = -89 - -49. Let v = c + 34. Let w(r) = -r**3 - 6*r**2 - 10*r - 27. List the prime factors of w(v).
3, 11
Let j = -41 - 3. Let u = j - -48. List the prime factors of 9/6 - (u + 131/(-2)).
3, 7
Let j(h) = 12*h**3 - 3*h**2 + 4*h - 1. Let m be j(1). Suppose 4*o = -12, -7*y - o - 2983 = -m*y. What are the prime factors of y?
2, 149
Suppose -1057609 - 5595367 = -176*q. List the prime factors of q.
103, 367
Let j(u) = 126 - 30*u - 21*u + 63*u - 27*u. What are the prime factors of j(7)?
3, 7
Let o(c) = -2*c - 22. Let g be o(-12). Let z be (-1239)/(-14) + (-1)/g. Let k = z + -56. List the prime factors of k.
2
Let c(q) = -q - 1. Let y(a) = 31*a - 6. Let v(z) = -4*c(z) + y(z). Let b be v(2). Let r = 83 - b. List the prime factors of r.
3, 5
Let t be (15 - 3)*8/12. Let d(m) = 47*m - 23. List the prime factors of d(t).
353
Let y = 117395 - 81168. List the prime factors of y.
17, 2131
Suppose -8430 + 24726 = 2*h. What are the prime factors of h?
2, 3, 7, 97
Let s = -2954 - -30174. List the prime factors of s.
2, 5, 1361
Let j be (-416)/39 + ((-6)/2)/9. Let k(u) = -u**3 - 9*u**2 - 18*u - 8. List the prime factors of k(j).
2, 3
Suppose 5*p + 338 = 2*f - 1680, p = -2*f + 2018. Let x = f + -679. List the prime factors of x.
2, 3, 5, 11
Suppose -4*s + 4 + 212 = 0. Let i = s + -45. Let t = i - -15. List the prime factors of t.
2, 3
Let x(s) = 14*s - 1. Let l be 18/(-99) + (-114)/(-22). Suppose 2*g + 19 = l*i + 8, -i = g - 5. What are the prime factors of x(g)?
3
Let q(l) = 124*l**3 - 3*l**2 - l - 1. Let d be q(-1). Let j = 52 - d. List the prime factors of j.
179
Suppose 10*b + 104 = 4. Let q be (b/(-15))/(1/((-15)/(-2))). Suppose -189 = -2*p + w, w - 5*w = q*p - 492. What are the prime factors of p?
2, 3
Let u = 724 + -720. Let n(q) = -9*q**2 + q - 3. Let p(i) = -5*i**2 - 1. Let h(s) = 6*n(s) - 11*p(s). List the prime factors of h(u).
3, 11
Suppose 6*h = -0*h + 124800. Suppose 6*r - 31*r = -h. What are the prime factors of r?
2, 13
Suppose -297*w + 5*k + 18628 = -296*w, -3*w - 3*k = -55938. What are the prime factors of w?
103, 181
Let d = -45 + 38. Let t(p) = p**2 - 6*p - 3. Let h be t(d). Let c = h + -56. List the prime factors of c.
2
Suppose 5*o + 1 = 1. Suppose 5*d + 262 = -b - 28, o = b + 3*d + 294. Let s = b - -481. What are the prime factors of s?
181
Suppose 61*t = 76*t - 87165. What are the prime factors of t?
3, 13, 149
Let b(g) = 186*g**3 + 10*g**2 - 110*g + 213. What are the prime factors of b(4)?
7, 19, 89
Suppose 6*h - 30 = h. Suppose -88 = 2*l + h. Let c = l - -74. List the prime factors of c.
3
Suppose -5*y + 5*z = 2*z - 1041, -3*y = -5*z - 631. Let r = y - -134. List the prime factors of r.
11, 31
List the prime factors of 4494/214 + (39796 - 1).
2, 3, 7, 79
Suppose 10*j - 44 = -154. Let p(d) = -99*d + 68. What are the prime factors of p(j)?
13, 89
Suppose -10*t - 34 = -4. What are the prime factors of t/(-3) - (-180 + 4)?
3, 59
Let g = -161 - -163. Suppose -3*l = -4*l - 4, -1646 = -2*i - g*l. List the prime factors of i.
827
Let o = 18 - 59. Let v = o - -46. Suppose -733 = -v*j - 263. What are the prime factors of j?
2, 47
Suppose -5*h - 9625 = -2*v - 0*v, 0 = 5*h + 5. What are the prime factors of (8/15)/(-4) - v/(-75)?
2
Let x = -13 + 13. Suppose -3*w + 4*v - 10 - 9 = x, 5*w + 17 = 3*v. What are the prime factors of (21/(-28))/(w/80)?
2, 3, 5
List the prime factors of 3/(-60) - 122417/(-340).
2, 3, 5
Let w(q) = 843*q + 513. What are the prime factors of w(41)?
2, 3, 37, 79
Let m(t) be the third derivative of t**5/60 - 17*t**4/24 + 23*t**3/6 + 5*t**2. Let x be m(16). Suppose 288 = j + x*j. What are the prime factors of j?
2, 3
Suppose 6*z - 12*z = -42. Let d be 1/(z/(-2)) + (-52)/14. Let k(g) = -25*g - 8. List the prime factors of k(d).
2, 23
Let w = 0 + -1. Let z(g) = -98*g**3 + 2*g + 1. Let h be z(w). Suppose 517 - h = 4*v. What are the prime factors of v?
3, 5, 7
Suppose -5*y + q = -q + 41, 2*y = q - 17. Let n(w) = 32*w - 44. Let r be n(5). Let z = r + y. List the prime factors of z.
109
Let n(b) be the second derivative of b**4/3 + 7*b**3/3 + 17*b**2/2 - 24*b. Let m be n(-8). Suppose -m - 55 = -8*j. List the prime factors of j.
3
Let a(l) = l**3 + 7*l**2 - 30*l - 9. Let u be a(-9). Suppose 4*v - u = 2*k + 159, -2*v + 5*k = -149. List the prime factors of v.
2, 31
Suppose 9*b = 8*b + 2*o + 12, b - o - 8 = 0. Suppose -c + 3835 = b*c. List the prime factors of c.
13, 59
Suppose v = -3*b + 3425, -4*v + 2*b = -9689 - 3955. List the prime factors of v.
3413
Let g be ((-10)/15)/((-4)/1338). Let b = 277 - 436. Let k = b + g. List the prime factors of k.
2
Suppose 0 = 10338*j - 10328*j - 90390. List the prime factors of j.
3, 23, 131
Suppose 18*p = 16 + 74. Suppose -3*y + p*v + 1475 = 2*y, y - 301 = 4*v. What are the prime factors of y?
293
Let l(j) = 121*j**3 - 13*j**2 + j - 35. List the prime factors of l(5).
2, 5, 7, 211
Suppose 4*b - 20640 = 2*d, b - 208*d - 5157 = -209*d. What are the prime factors of b?
7, 11, 67
Let o = 19 - 36. Let b be (3 - -4)/(-7)*(-16 - 2). Let z = b - o. List the prime factors of z.
5, 7
Suppose -302 = 5*q + 3*l - 1778, -2*q + 596 = 4*l. Let s = q + -686. Let z = -257 - s. List the prime factors of z.
3, 5
Let i(g) = -2452*g + 35. What are the prime factors of i(-2)?
11, 449
Suppose 1448*y - 1443*y + 6185 = 0. Let w = y + 2401. List the prime factors of w.
2, 3, 97
Suppose 42*y - 12*y - 810 = 0. Suppose 4*t - y*t + 3956 = 0. List the prime factors of t.
2, 43
Let t(f) be the first derivative of f**5/15 - 97*f**4/24 - 9*f**3 - 21. Let q(u) be the third derivative of t(u). What are the prime factors of q(22)?
79
Let a = -5315 - -18771. List the prime factors of a.
2, 29
Let z(l) = 4*